{"id":3565,"date":"2016-05-18T14:52:48","date_gmt":"2016-05-18T14:52:48","guid":{"rendered":"http:\/\/www.6profiscare.de\/?page_id=3565"},"modified":"2022-09-21T09:10:14","modified_gmt":"2022-09-21T09:10:14","slug":"beratungsgesprach-anfordern","status":"publish","type":"page","link":"https:\/\/www.6profiscare.de\/index.php\/beratungsgesprach-anfordern\/","title":{"rendered":"Beratungsgespr\u00e4ch anfordern"},"content":{"rendered":"<div id=\"pl-3565\"  class=\"panel-layout\" ><div id=\"pg-3565-0\"  class=\"panel-grid panel-no-style\" ><div id=\"pgc-3565-0-0\"  class=\"panel-grid-cell\" ><div id=\"panel-3565-0-0-0\" class=\"so-panel widget widget_vr_banner aio-widget-banner panel-first-child panel-last-child\" data-index=\"0\" ><div class=\"aos-init panel-widget-style panel-widget-style-for-3565-0-0-0\" data-aos=\"fade-down\" data-aos-duration=\"300\" data-aos-easing=\"linear\" data-aos-anchor-placement=\"top-bottom\" data-aos-once=\"true\" >\t\t\r\n\t\t\t\t\t\t\t\t\r\n\t\t\t\t\t<article  class=\"banner-center clearfix \" >\r\n\t\t\t\t\t\t<div class=\"banner-inner\">\r\n\t\t\t\t\t\t\t<h2>Fordere jetzt Dein <b>Beratungsgespr\u00e4ch<\/b> an<\/h2>\r\n\t\t\t\t\t\t\t\t\t\t\t\t\t\t\t\t\t\t\t\t<\/div>\r\n\t\t\t\t\t<\/article>\r\n\t\t\t\r\n\t\t\t\t\t\t\r\n\t\t\t<\/div><\/div><\/div><\/div><div id=\"pg-3565-1\"  class=\"panel-grid panel-has-style\" ><div class=\"panel-row-style panel-row-style-for-3565-1\" ><div id=\"pgc-3565-1-0\"  class=\"panel-grid-cell\" ><div id=\"panel-3565-1-0-0\" class=\"so-panel widget widget_sow-editor panel-first-child panel-last-child\" data-index=\"1\" ><div\n\t\t\t\n\t\t\tclass=\"so-widget-sow-editor so-widget-sow-editor-base\"\n\t\t\t\n\t\t>\n<div class=\"siteorigin-widget-tinymce textwidget\">\n\t<div role=\"form\" class=\"wpcf7\" id=\"wpcf7-f4-o1\" lang=\"en-US\" dir=\"ltr\">\n<div class=\"screen-reader-response\"><p role=\"status\" aria-live=\"polite\" aria-atomic=\"true\"><\/p> <ul><\/ul><\/div>\n<form action=\"\/index.php\/wp-json\/wp\/v2\/pages\/3565#wpcf7-f4-o1\" method=\"post\" class=\"wpcf7-form init\" novalidate=\"novalidate\" data-status=\"init\">\n<div style=\"display: none;\">\n<input type=\"hidden\" name=\"_wpcf7\" value=\"4\" \/>\n<input type=\"hidden\" name=\"_wpcf7_version\" value=\"5.6.3\" \/>\n<input type=\"hidden\" name=\"_wpcf7_locale\" value=\"en_US\" \/>\n<input type=\"hidden\" name=\"_wpcf7_unit_tag\" value=\"wpcf7-f4-o1\" \/>\n<input type=\"hidden\" name=\"_wpcf7_container_post\" value=\"0\" \/>\n<input type=\"hidden\" name=\"_wpcf7_posted_data_hash\" value=\"\" \/>\n<\/div>\n<style>\nspan.wpcf7-list-item{\ndisplay:block;\nmargin-bottom:20px;\n}\n<\/style>\n<div class=\"row\">\n<div class=\"form-group col-md-6\">\n<div class=\"form-icon\"><i class=\"fa fa-user\"><\/i>Dein Name <span>*<\/span><\/div>\n<p><span class=\"wpcf7-form-control-wrap\" data-name=\"your-name\"><input type=\"text\" name=\"your-name\" value=\"\" size=\"40\" class=\"wpcf7-form-control wpcf7-text wpcf7-validates-as-required\" aria-required=\"true\" aria-invalid=\"false\" \/><\/span>\n<\/p><\/div>\n<div class=\"form-group col-md-6\">\n<div class=\"form-icon\"><i class=\"fa fa-list\"><\/i>Versicherungsart <span>*<\/span><\/div>\n<p><span class=\"wpcf7-form-control-wrap\" data-name=\"versicherungsart\"><select name=\"versicherungsart\" class=\"wpcf7-form-control wpcf7-select wpcf7-validates-as-required\" aria-required=\"true\" aria-invalid=\"false\"><option value=\"\">---<\/option><option value=\"6profisCARE Krankenversicherung\">6profisCARE Krankenversicherung<\/option><option value=\"Geb\u00e4udeversicherung\">Geb\u00e4udeversicherung<\/option><option value=\"Gesch\u00e4ftsinhalt\">Gesch\u00e4ftsinhalt<\/option><option value=\"Betriebsunterbrechnungen\">Betriebsunterbrechnungen<\/option><option value=\"Betriebshaftpflicht\">Betriebshaftpflicht<\/option><option value=\"Glasversicherung\">Glasversicherung<\/option><option value=\"Mietverlust\">Mietverlust<\/option><option value=\"Haus- und Grundbesitzer Haftpflicht\">Haus- und Grundbesitzer Haftpflicht<\/option><\/select><\/span>\n<\/p><\/div>\n<\/div>\n<div class=\"row\">\n<div class=\"form-group col-md-6\">\n<div class=\"form-icon\"><i class=\"fa fa-phone\"><\/i>Deine Telefonnummer <span>*<\/span><\/div>\n<p><span class=\"wpcf7-form-control-wrap\" data-name=\"telefon\"><input type=\"tel\" name=\"telefon\" value=\"\" size=\"40\" class=\"wpcf7-form-control wpcf7-text wpcf7-tel wpcf7-validates-as-required wpcf7-validates-as-tel\" aria-required=\"true\" aria-invalid=\"false\" \/><\/span>\n<\/p><\/div>\n<div class=\"form-group col-md-6\">\n<div class=\"form-icon\"><i class=\"fa fa-phone\"><\/i>Telefonnummer wiederholen<span>*<\/span><\/div>\n<p><span class=\"wpcf7-form-control-wrap\" data-name=\"telefon2\"><input type=\"tel\" name=\"telefon2\" value=\"\" size=\"40\" class=\"wpcf7-form-control wpcf7-text wpcf7-tel wpcf7-validates-as-required wpcf7-validates-as-tel\" aria-required=\"true\" aria-invalid=\"false\" \/><\/span>\n<\/p><\/div>\n<\/div>\n<div class=\"row\">\n<div class=\"form-group col-md-12\">\n<div class=\"form-icon\"><i class=\"fa fa-check\"><\/i>6profis.de-Vorteil <span>*<\/span><\/div>\n<p><span class=\"wpcf7-form-control-wrap\" data-name=\"kunde6profis\"><span class=\"wpcf7-form-control wpcf7-checkbox wpcf7-validates-as-required wpcf7-exclusive-checkbox\"><span class=\"wpcf7-list-item first\"><input type=\"checkbox\" name=\"kunde6profis\" value=\"Ich bin noch kein PremiumKunde bei 6profis.de. Auch ich m\u00f6chte die Vorteile von 6profis.de kennenlernen. Ich bitte um Kontakt, damit ich das einzigartige System unverbindlich und kostenlos testen kann.\" checked=\"checked\" \/><span class=\"wpcf7-list-item-label\">Ich bin noch kein PremiumKunde bei 6profis.de. Auch ich m\u00f6chte die Vorteile von 6profis.de kennenlernen. Ich bitte um Kontakt, damit ich das einzigartige System unverbindlich und kostenlos testen kann.<\/span><\/span><span class=\"wpcf7-list-item last\"><input type=\"checkbox\" name=\"kunde6profis\" value=\"Ich bin bereits Kunde bei 6profis.de. Als PremiumKunde genie\u00dft Du bereits alle Vorteile und Funktionen von 6profis.de Kunden.\" \/><span class=\"wpcf7-list-item-label\">Ich bin bereits Kunde bei 6profis.de. Als PremiumKunde genie\u00dft Du bereits alle Vorteile und Funktionen von 6profis.de Kunden.<\/span><\/span><\/span><\/span><\/p><\/div>\n<\/div>\n<div class=\"row\">\n<div class=\"form-group col-md-12\">\n<p><input type=\"submit\" value=\"Jetzt Beratungsgespr\u00e4ch anfordern\" class=\"wpcf7-form-control has-spinner wpcf7-submit\" \/><\/p>\n<\/div>\n<\/div>\n<p style=\"display: none !important;\"><label>&#916;<textarea name=\"_wpcf7_ak_hp_textarea\" cols=\"45\" rows=\"8\" maxlength=\"100\"><\/textarea><\/label><input type=\"hidden\" id=\"ak_js_1\" name=\"_wpcf7_ak_js\" value=\"109\"\/><script>document.getElementById( \"ak_js_1\" ).setAttribute( \"value\", ( new Date() ).getTime() );<\/script><\/p><div class=\"wpcf7-response-output\" aria-hidden=\"true\"><\/div><\/form><\/div>\n<\/div>\n<\/div><\/div><\/div><div id=\"pgc-3565-1-1\"  class=\"panel-grid-cell\" ><div id=\"panel-3565-1-1-0\" class=\"so-panel widget widget_vr_text aio-widget-text panel-first-child panel-last-child\" data-index=\"2\" ><div class=\"light panel-widget-style panel-widget-style-for-3565-1-1-0\" >\t\t\r\n\t\t\t\t<article class=\"text clearfix \" >\r\n\t\t\t\t\t<h3 class=\"widget-title\" style=\"color:#db1372; border-left:6px solid #db1372\">Kontakt<\/h3>\n<p><strong>F\u00f6hles & Simons<\/strong><br>Von-Schaesberg-Weg 54<br>41379 Br\u00fcggen-<\/p>\n\n<b>Beratungshotline:<\/b><br>\n02163 - 575 00 88 <small style=\"font-size:80%\">(10-16 Uhr)<\/small><br>\n0176 - 57 77 11 85 <small style=\"font-size:80%\">(10-21 Uhr)<\/small>\n\n\n\t\t\t\t<\/article>\r\n\t\t\r\n\t\t\t<\/div><\/div><\/div><\/div><\/div><\/div>","protected":false},"excerpt":{"rendered":"<p>Fordere jetzt Dein Beratungsgespr\u00e4ch an Dein Name * Versicherungsart * &#8212;6profisCARE KrankenversicherungGeb\u00e4udeversicherungGesch\u00e4ftsinhaltBetriebsunterbrechnungenBetriebshaftpflichtGlasversicherungMietverlustHaus- und Grundbesitzer Haftpflicht Deine Telefonnummer * Telefonnummer wiederholen* 6profis.de-Vorteil * Ich bin noch kein PremiumKunde bei 6profis.de. Auch ich m\u00f6chte die Vorteile von 6profis.de kennenlernen. Ich bitte um Kontakt, damit ich das einzigartige System unverbindlich und kostenlos testen kann.Ich bin bereits Kunde bei [&hellip;]<\/p>\n","protected":false},"author":1,"featured_media":0,"parent":0,"menu_order":0,"comment_status":"closed","ping_status":"closed","template":"","meta":[],"_links":{"self":[{"href":"https:\/\/www.6profiscare.de\/index.php\/wp-json\/wp\/v2\/pages\/3565"}],"collection":[{"href":"https:\/\/www.6profiscare.de\/index.php\/wp-json\/wp\/v2\/pages"}],"about":[{"href":"https:\/\/www.6profiscare.de\/index.php\/wp-json\/wp\/v2\/types\/page"}],"author":[{"embeddable":true,"href":"https:\/\/www.6profiscare.de\/index.php\/wp-json\/wp\/v2\/users\/1"}],"replies":[{"embeddable":true,"href":"https:\/\/www.6profiscare.de\/index.php\/wp-json\/wp\/v2\/comments?post=3565"}],"version-history":[{"count":9,"href":"https:\/\/www.6profiscare.de\/index.php\/wp-json\/wp\/v2\/pages\/3565\/revisions"}],"predecessor-version":[{"id":3909,"href":"https:\/\/www.6profiscare.de\/index.php\/wp-json\/wp\/v2\/pages\/3565\/revisions\/3909"}],"wp:attachment":[{"href":"https:\/\/www.6profiscare.de\/index.php\/wp-json\/wp\/v2\/media?parent=3565"}],"curies":[{"name":"wp","href":"https:\/\/api.w.org\/{rel}","templated":true}]}}