{"id":3448,"date":"2016-05-18T14:52:48","date_gmt":"2016-05-18T14:52:48","guid":{"rendered":"http:\/\/www.6profiscare.de\/?page_id=3448"},"modified":"2022-09-21T09:15:47","modified_gmt":"2022-09-21T09:15:47","slug":"krankenversicherung-ist-pflicht","status":"publish","type":"page","link":"http:\/\/www.6profiscare.de\/index.php\/krankenversicherung-ist-pflicht\/","title":{"rendered":"Krankenversicherung ist Pflicht"},"content":{"rendered":"<div id=\"pl-3448\"  class=\"panel-layout\" ><div id=\"pg-3448-0\"  class=\"panel-grid panel-no-style\" ><div id=\"pgc-3448-0-0\"  class=\"panel-grid-cell\" ><div id=\"panel-3448-0-0-0\" class=\"so-panel widget widget_vr_banner aio-widget-banner panel-first-child\" data-index=\"0\" ><div class=\"aos-init panel-widget-style panel-widget-style-for-3448-0-0-0\" data-aos=\"fade-left\" data-aos-duration=\"300\" data-aos-easing=\"linear\" data-aos-anchor-placement=\"top-bottom\" data-aos-once=\"true\" >\t\t\r\n\t\t\t\t\t\t\t\t\r\n\t\t\t\t\t<article  class=\"banner-center clearfix \" >\r\n\t\t\t\t\t\t<div class=\"banner-inner\">\r\n\t\t\t\t\t\t\t<h2>Informationen zur Krankenversicherungspflicht in Deutschland<\/h2>\r\n\t\t\t\t\t\t\t\t\t\t\t\t\t\t\t\t\t\t\t\t<\/div>\r\n\t\t\t\t\t<\/article>\r\n\t\t\t\r\n\t\t\t\t\t\t\r\n\t\t\t<\/div><\/div><div id=\"panel-3448-0-0-1\" class=\"so-panel widget widget_sow-editor\" data-index=\"1\" ><div\n\t\t\t\n\t\t\tclass=\"so-widget-sow-editor so-widget-sow-editor-base\"\n\t\t\t\n\t\t>\n<div class=\"siteorigin-widget-tinymce textwidget\">\n\t<p><span class=\"intro\">In Deutschland besteht unabh\u00e4ngig vom ProstituiertenSchutzGesetz bereits seit dem 01.01.2009 die Krankenversicherungspflicht f\u00fcr alle Personen.<\/p>\n<p>Nach dem ProstituiertenSchutzGesetz \u00a7 7 findet im Rahmen eines Informations- und Beratungsgespr\u00e4chs eine Aufkl\u00e4rung zur Krankenversicherungspflicht statt.<br \/>Jedoch keine \u00dcberpr\u00fcfung. Auswirkungen auf Anmelde- und\/oder Genehmigungsverfahren sind nicht bekannt.<br \/><\/span><\/p>\n<p>Personen ohne Versicherungsschutz, m\u00fcssen seit 2009 r\u00fcckwirkend mit empfindlichen Forderungen rechnen. Durch die r\u00fcckwirkenden Beitr\u00e4ge verschulden sich Personen bereits bei Eintritt in die Versicherung, weshalb viele diesen Schritt nicht wagen m\u00f6chten.<\/p>\n<p>Der Einstieg in die gesetzliche Krankenversicherung ist f\u00fcr Prostituierte aufgrund der Einstiegsh\u00fcrden in der Praxis so gut wie nicht m\u00f6glich. Verantwortlich hierf\u00fcr sind nicht zuletzt die fehlende Nachweism\u00f6glichkeit \u00fcber Vorversicherungszeiten.<\/p>\n<p>Private Versicherer schlie\u00dfen u.a. \u00fcber mehr oder weniger verst\u00e4ndliche Regelungen im Kleingedruckten die Versicherung f\u00fcr Prostituierte aus. Oft werden daher Versicherungen ohne Angabe oder unter Angabe einer nicht zutreffenden Berufsbezeichnung vermittelt. Hier ist jedoch Vorsicht geboten, da es bei diesen Vertr\u00e4gen schlimmstenfalls zu den oben bereits beschriebenen R\u00fcckforderungen und zus\u00e4tzlichem, r\u00fcckwirkenden Verlust des Krankenversicherungsschutzes kommen kann.<\/p>\n<\/div>\n<\/div><\/div><div id=\"panel-3448-0-0-2\" class=\"so-panel widget widget_text\" data-index=\"2\" ><div class=\"panel-widget-style panel-widget-style-for-3448-0-0-2\" >\t\t\t<div class=\"textwidget\"><h1 class=\"light\">6profisCARE wurde speziell f\u00fcr Prostituierte ins Leben gerufen, um der Berufsgruppe einen offiziellen Zugang zur Krankenversicherung zu erm\u00f6glichen.<\/h1>\n\n<div style=\"text-align:center;\" ><a class=\"button-medium button-edge\" href=\"http:\/\/www.6profiscare.de\/index.php\/beratungsgesprach-anfordern\/\" style=\"font-size:180%; color:#ffffff; border:2px solid #ffffff; white-space:normal;\">Jetzt Beratungsgespr\u00e4ch anfordern<\/a><\/div><\/div>\n\t\t<\/div><\/div><div id=\"panel-3448-0-0-3\" class=\"so-panel widget widget_sow-editor panel-last-child\" data-index=\"3\" ><div\n\t\t\t\n\t\t\tclass=\"so-widget-sow-editor so-widget-sow-editor-base\"\n\t\t\t\n\t\t>\n<div class=\"siteorigin-widget-tinymce textwidget\">\n\t<p>Das Angebot richtet sich an:<\/p>\n<ul>\n<li>Ausl\u00e4ndische und deutsche Prostituierte in Deutschland<\/li>\n<li>Deutsche Prostituierte im Ausland<\/li>\n<\/ul>\n<\/div>\n<\/div><\/div><\/div><\/div><\/div>","protected":false},"excerpt":{"rendered":"<p>In Deutschland besteht unabh\u00e4ngig vom ProstituiertenSchutzGesetz bereits seit dem 01.01.2009 die Krankenversicherungspflicht f\u00fcr alle Personen.Nach dem ProstituiertenSchutzGesetz \u00a7 7 findet im Rahmen eines Informations- und Beratungsgespr\u00e4chs eine Aufkl\u00e4rung zur Krankenversicherungspflicht statt.Jedoch keine \u00dcberpr\u00fcfung. Auswirkungen auf Anmelde- und\/oder Genehmigungsverfahren sind nicht bekannt.Personen ohne Versicherungsschutz, m\u00fcssen seit 2009 r\u00fcckwirkend mit empfindlichen Forderungen rechnen. Durch die r\u00fcckwirkenden Beitr\u00e4ge [&hellip;]<\/p>\n","protected":false},"author":1,"featured_media":0,"parent":0,"menu_order":0,"comment_status":"closed","ping_status":"closed","template":"","meta":[],"_links":{"self":[{"href":"http:\/\/www.6profiscare.de\/index.php\/wp-json\/wp\/v2\/pages\/3448"}],"collection":[{"href":"http:\/\/www.6profiscare.de\/index.php\/wp-json\/wp\/v2\/pages"}],"about":[{"href":"http:\/\/www.6profiscare.de\/index.php\/wp-json\/wp\/v2\/types\/page"}],"author":[{"embeddable":true,"href":"http:\/\/www.6profiscare.de\/index.php\/wp-json\/wp\/v2\/users\/1"}],"replies":[{"embeddable":true,"href":"http:\/\/www.6profiscare.de\/index.php\/wp-json\/wp\/v2\/comments?post=3448"}],"version-history":[{"count":12,"href":"http:\/\/www.6profiscare.de\/index.php\/wp-json\/wp\/v2\/pages\/3448\/revisions"}],"predecessor-version":[{"id":3917,"href":"http:\/\/www.6profiscare.de\/index.php\/wp-json\/wp\/v2\/pages\/3448\/revisions\/3917"}],"wp:attachment":[{"href":"http:\/\/www.6profiscare.de\/index.php\/wp-json\/wp\/v2\/media?parent=3448"}],"curies":[{"name":"wp","href":"https:\/\/api.w.org\/{rel}","templated":true}]}}